e thousands digit of 23670?
3
What is the tens digit of 475?
7
What is the thousands digit of 3955?
3
What is the hundreds digit of 43369?
3
What is the tens digit of 377?
7
What is the units digit of 961?
1
What is the hundreds digit of 30969?
9
What is the tens digit of 18423?
2
What is the ten thousands digit of 136004?
3
What is the hundreds digit of 250?
2
What is the tens digit of 53730?
3
What is the tens digit of 1885?
8
What is the thousands digit of 41320?
1
What is the thousands digit of 5449?
5
What is the tens digit of 5629?
2
What is the hundreds digit of 1377?
3
What is the thousands digit of 33643?
3
What is the units digit of 459?
9
What is the units digit of 59686?
6
What is the units digit of 3465?
5
What is the tens digit of 451?
5
What is the units digit of 18250?
0
What is the ten thousands digit of 144496?
4
What is the tens digit of 5057?
5
What is the ten thousands digit of 25105?
2
What is the ten thousands digit of 11059?
1
What is the ten thousands digit of 110570?
1
What is the hundreds digit of 1938?
9
What is the tens digit of 1438?
3
What is the tens digit of 1671?
7
What is the hundreds digit of 25513?
5
What is the units digit of 81184?
4
What is the tens digit of 81?
8
What is the hundreds digit of 2484?
4
What is the units digit of 2192?
2
What is the tens digit of 2458?
5
What is the ten thousands digit of 25186?
2
What is the tens digit of 19106?
0
What is the thousands digit of 2149?
2
What is the thousands digit of 64438?
4
What is the units digit of 1784?
4
What is the units digit of 2068?
8
What is the thousands digit of 127845?
7
What is the tens digit of 758?
5
What is the units digit of 903?
3
What is the tens digit of 28?
2
What is the ten thousands digit of 17168?
1
What is the hundreds digit of 191?
1
What is the thousands digit of 159716?
9
What is the thousands digit of 59444?
9
What is the hundred thousands digit of 107507?
1
What is the thousands digit of 12029?
2
What is the tens digit of 790?
9
What is the thousands digit of 4585?
4
What is the units digit of 351?
1
What is the thousands digit of 1792?
1
What is the tens digit of 782?
8
What is the units digit of 7645?
5
What is the hundreds digit of 2545?
5
What is the thousands digit of 24156?
4
What is the units digit of 1705?
5
What is the hundreds digit of 26929?
9
What is the units digit of 821?
1
What is the units digit of 23?
3
What is the units digit of 13133?
3
What is the thousands digit of 9917?
9
What is the tens digit of 10343?
4
What is the tens digit of 141110?
1
What is the tens digit of 387?
8
What is the units digit of 6256?
6
What is the ten thousands digit of 48307?
4
What is the hundreds digit of 114124?
1
What is the hundreds digit of 45579?
5
What is the tens digit of 100285?
8
What is the units digit of 77?
7
What is the units digit of 7279?
9
What is the units digit of 24466?
6
What is the thousands digit of 3418?
3
What is the hundreds digit of 42105?
1
What is the thousands digit of 10749?
0
What is the hundreds digit of 70501?
5
What is the tens digit of 13988?
8
What is the tens digit of 50523?
2
What is the tens digit of 26639?
3
What is the tens digit of 1872?
7
What is the hundreds digit of 244?
2
What is the hundreds digit of 2436?
4
What is the units digit of 209?
9
What is the tens digit of 25660?
6
What is the thousands digit of 11002?
1
What is the units digit of 11511?
1
What is the thousands digit of 62222?
2
What is the units digit of 104874?
4
What is the hundreds digit of 690?
6
What is the thousands digit of 1499?
1
What is the units digit of 526?
6
What is the units digit of 1678?
8
What is the tens digit of 19110?
1
What is the units digit of 10759?
9
What is the hundreds digit of 552?
5
What is the ten thousands digit of 102435?
0
What is the thousands digit of 15799?
5
What is the units digit of 18835?
5
What is the hundreds digit of 3509?
5
What is the ten thousands digit of 70655?
7
What is the units digit of 8044?
4
What is the hundreds digit of 4153?
1
What is the units digit of 90308?
8
What is the units digit of 24074?
4
What is the thousands digit of 124263?
4
What is the units digit of 1146?
6
What is the hundred thousands digit of 144055?
1
What is the tens digit of 38465?
6
What is the hundreds digit of 2212?
2
What is the thousands digit of 14935?
4
What is the tens digit of 3896?
9
What is the units digit of 725?
5
What is the units digit of 27063?
3
What is the hundreds digit of 9739?
7
What is the thousands digit of 2209?
2
What is the tens digit of 913?
1
What is the ten thousands digit of 16022?
1
What is the tens digit of 31386?
8
What is the units digit of 74541?
1
What is the tens digit of 29829?
2
What is the tens digit of 29678?
7
What is the hundreds digit of 379?
3
What is the tens digit of 16207?
0
What is the ten thousands digit of 25619?
2
What is the tens digit of 11371?
7
What is the ten thousands digit of 49091?
4
What is the hundreds digit of 31781?
7
What is the hundreds digit of 6351?
3
What is the hundreds digit of 754?
7
What is the ten thousands digit of 19093?
1
What is the hundreds digit of 105054?
0
What is the hundreds digit of 1306?
3
What is the ten thousands digit of 33031?
3
What is the tens digit of 5739?
3
What is the units digit of 53665?
5
What is the units digit of 624?
4
What is the hundreds digit of 4475?
4
What is the thousands digit of 1019?
1
What is the units digit of 47?
7
What is the hundreds digit of 8418?
4
What is the thousands digit of 5746?
5
What is the hundreds digit of 8936?
9
What is the hundreds digit of 186?
1
What is the tens digit of 201?
0
What is the units digit of 2664?
4
What is the thousands digit of 8001?
8
What is the thousands digit of 1265?
1
What is the tens digit of 1136?
3
What is the hundreds digit of 11497?
4
What is the thousands digit of 1525?
1
What is the hundreds digit of 5705?
7
What is the tens digit of 49053?
5
What is the tens digit of 478?
7
What is the ten thousands digit of 40944?
4
What is the ten thousands digit of 37299?
3
What is the thousands digit of 3242?
3
What is the thousands digit of 1251?
1
What is the tens digit of 392?
9
What is the thousands digit of 1134?
1
What is the thousands digit of 78004?
8
What is the ten thousands digit of 19773?
1
What is the units digit of 94821?
1
What is the units digit of 1907?
7
What is the tens digit of 8713?
1
What is the tens digit of 444?
4
What is the hundreds digit of 37581?
5
What is the units digit of 2701?
1
What is the hundreds digit of 9772?
7
What is the hundreds digit of 24686?
6
What is the tens digit of 74095?
9
What is the hundreds digit of 4143?
1
What is the hundreds digit of 2774?
7
What is the units digit of 2150?
0
What is the hundreds digit of 2536?
5
What is the ten thousands digit of 41532?
4
What is the hundreds digit of 1160?
1
What is the hundreds digit of 1366?
3
What is the units digit of 350?
0
What is the ten thousands digit of 74496?
7
What is the hundreds digit of 22277?
2
What is the hundreds digit of 2897?
8
What is the hundreds digit of 22891?
8
What is the units digit of 1505?
5
What is the hundreds digit of 2351?
3
What is the tens digit of 33554?
5
What is the ten thousands digit of 32443?
3
What is the hundreds digit of 4957?
9
What is the thousands digit of 5212?
5
What is the ten thousands digit of 16842?
1
What is the ten thousands digit of 55264?
5
What is the ten thousands digit of 18573?
1
What is the units digit of 1393?
3
What is the hundreds digit of 6184?
1
What is the units digit of 5?
5
What is the units digit of 2727?
7
What is the hundreds digit of 388?
3
What is the tens digit of 4006?
0
What is the thousands digit of 4419?
4
What is the hundreds digit of 3875?
8
What is the units digit of 5717?
7
What is the thousands digit of 74574?
4
What is the ten thousands digit of 197715?
9
What is the thousands digit of 2344?
2
What is the hundreds digit of 8466?
4
What is the units digit of 768?
8
What is the units digit of 56006?
6
What is the tens digit of 1720?
2
What is the ten thousands digit of 10084?
1
What is the units digit of 14507?
7
What is the thousands digit of 1427?
1
What is the units digit of 518?
8
What is the ten thousands digit of 36480?
3
What is the ten thousands digit of 12347?
1
